{"id":130,"date":"2020-11-12T17:24:18","date_gmt":"2020-11-12T17:24:18","guid":{"rendered":"https:\/\/www.farveogstil.dk\/index.php\/find-din-stil\/"},"modified":"2023-03-13T13:09:01","modified_gmt":"2023-03-13T12:09:01","slug":"find-din-stil","status":"publish","type":"page","link":"https:\/\/www.farveogstil.dk\/index.php\/find-din-stil\/","title":{"rendered":"Find din stil"},"content":{"rendered":"\n    \n    <section class=\"u-clearfix u-image u-section-2\" id=\"carousel_9606\" style=\"background-image: url(&quot;https:\/\/www.farveogstil.dk\/wp-content\/uploads\/2020\/11\/e4-1.jpg&quot;);\">\n      <div class=\"u-clearfix u-layout-wrap u-layout-wrap-1\">\n        <div class=\"u-layout\">\n          <div class=\"u-layout-row\">\n            <div class=\"u-container-style u-layout-cell u-left-cell u-size-22-lg u-size-22-xl u-size-27-md u-size-27-sm u-size-27-xs u-layout-cell-1\">\n              <div class=\"u-container-layout u-container-layout-1\">\n                <h5 class=\"u-text u-text-1\">Find din stil<\/h5>\n                <h1 class=\"u-custom-font u-font-roboto-condensed u-text u-text-custom-color-1 u-title u-text-2\">l\u00e6kkerhedsl\u00f8ft<\/h1>\n                <p class=\"u-text u-text-3\">Med en\nfarve- og stiltest undg\u00e5r du fejlk\u00f8b og dermed at belaste milj\u00f8et og din\n\u00f8konomi. Du kommer til at f\u00e5 en garderobe, hvor de enkelte dele passer sammen.\nDu vil opleve et l\u00e6kkerhedsl\u00f8ft og kommer til at se slankere, yngre og sundere\nud.<\/p>\n              <\/div>\n            <\/div>\n            <div class=\"u-align-center u-container-style u-image u-layout-cell u-right-cell u-size-33-md u-size-33-sm u-size-33-xs u-size-38-lg u-size-38-xl u-image-1\" style=\"background-image: url(&quot;https:\/\/www.farveogstil.dk\/wp-content\/uploads\/2020\/11\/p.189-HR-red.jpg&quot;);\">\n              <div class=\"u-container-layout u-container-layout-2\"><\/div>\n            <\/div>\n          <\/div>\n        <\/div>\n      <\/div>\n    <\/section>\n    <section class=\"u-clearfix u-section-3\" id=\"carousel_148c\">\n      <div class=\"u-clearfix u-sheet u-sheet-1\">\n        <div class=\"u-container-style u-group u-palette-1-base u-group-1\">\n          <div class=\"u-container-layout u-container-layout-1\"><\/div>\n        <\/div>\n        <img decoding=\"async\" src=\"https:\/\/www.farveogstil.dk\/wp-content\/uploads\/2020\/11\/p.24-HR-red-1.jpg\" alt=\"\" class=\"u-border-1 u-border-palette-4-base u-image u-image-default u-image-1\" data-image-width=\"822\" data-image-height=\"471\">\n        <h2 class=\"u-text u-text-1\">Stilpersonlighed<\/h2>\n        <p class=\"u-text u-text-2\">Kender du din stilpersonlighed? Er du en naturlig, klassisk, romantisk, dramatisk, kreativ eller citychick\/ international type?&nbsp;<br>\n          <br>Vi finder ud af det, ved at du besvare nogle sp\u00f8rgsm\u00e5l. Din stilpersonlighed viser hvilke typer tilbeh\u00f8r og snit samt farvesammens\u00e6tninger, der passer bedst til dig.&nbsp;<br>\n          <br>Priser fra 750 kr. -<a href=\"https:\/\/www.farveogstil.dk\/index.php\/vare-kategori\/farvetester\/\" class=\"u-active-none u-border-none u-btn u-button-link u-button-style u-hover-none u-none u-text-palette-1-base u-btn-1\">se produkter<\/a>\n          <br>\n          <br>Det er stilen som betyder mest. Det er mindre v\u00e6sentligt om farven er rigtig, s\u00e5 l\u00e6nge stilen er det.<br>\n        <\/p>\n        <a href=\"mailto:info@farveogstil.dk?subject=Kontakt%20fra%20hjemmeside\" class=\"u-btn u-button-style u-hover-palette-4-base u-palette-1-base u-btn-2\">kontakt nu<\/a>\n      <\/div>\n    <\/section>\n    <section class=\"u-clearfix u-section-4\" id=\"sec-a042\">\n      <div class=\"u-clearfix u-sheet u-sheet-1\">\n        <div class=\"u-align-center-lg u-align-center-md u-align-center-sm u-align-center-xs u-border-3 u-border-palette-1-base u-container-style u-expanded-width-sm u-expanded-width-xs u-group u-radius-50 u-shape-round u-group-1\">\n          <div class=\"u-container-layout u-valign-middle-lg u-valign-middle-md u-valign-middle-xl u-container-layout-1\">\n            <h3 class=\"u-align-center-lg u-align-center-md u-align-center-xl u-text u-text-1\">Farvemapper og gavekort<\/h3>\n            <a href=\"https:\/\/www.farveogstil.dk\/index.php\/produkter\/\" class=\"u-active-none u-align-right u-border-5 u-border-active-palette-2-dark-1 u-border-hover-palette-4-base u-border-no-left u-border-no-right u-border-no-top u-border-palette-1-base u-btn u-button-style u-hover-none u-none u-text-active-grey-50 u-text-hover-palette-4-base u-text-palette-1-base u-btn-1\">Se produkter<\/a>\n          <\/div>\n        <\/div>\n        <img decoding=\"async\" src=\"https:\/\/www.farveogstil.dk\/wp-content\/uploads\/2023\/03\/e994e8835583e0a57ae4b712c66196b85075bb9dcdc59a6ed4ea9c4d79c2fab2ab441673655ec442f28881e446f75675cb6440ab58568979676474_1280.jpg\" alt=\"\" class=\"u-align-center-sm u-align-center-xs u-expanded-height-md u-image u-image-contain u-image-default u-image-1\" data-image-width=\"1280\" data-image-height=\"1280\">\n      <\/div>\n    <\/section>\n    <section class=\"u-align-center u-clearfix u-palette-1-base u-section-5\" id=\"sec-8ca5\">\n      <div class=\"u-clearfix u-sheet u-sheet-1\">\n        <a href=\"https:\/\/www.farveogstil.dk\/index.php\/inspiration\/\" class=\"u-active-none u-align-right u-border-5 u-border-active-palette-4-base u-border-custom-color-3 u-border-hover-palette-4-base u-border-no-left u-border-no-right u-border-no-top u-btn u-button-style u-hover-none u-none u-text-active-palette-4-base u-text-hover-palette-4-base u-text-white u-btn-1\" data-animation-name=\"fadeIn\" data-animation-duration=\"1000\" data-animation-delay=\"0\" data-animation-direction=\"\">Se flere billeder<\/a>\n        <div class=\"u-expanded-width u-list u-list-1\">\n          <div class=\"u-repeater u-repeater-1\">\n            <div class=\"u-container-style u-list-item u-repeater-item u-shape-rectangle u-video-cover\">\n              <div class=\"u-container-layout u-similar-container u-container-layout-1\">\n                <img decoding=\"async\" alt=\"\" class=\"u-expanded-width u-image u-image-contain u-image-default u-image-1\" src=\"https:\/\/www.farveogstil.dk\/wp-content\/uploads\/2020\/11\/inspiration02.png\">\n                <p class=\"u-align-center u-text u-text-1\">.<br>\n                <\/p>\n              <\/div>\n            <\/div>\n            <div class=\"u-container-style u-list-item u-repeater-item u-shape-rectangle\">\n              <div class=\"u-container-layout u-similar-container u-container-layout-2\">\n                <img decoding=\"async\" alt=\"\" class=\"u-expanded-width u-image u-image-default u-image-2\" src=\"https:\/\/www.farveogstil.dk\/wp-content\/uploads\/2021\/03\/157023326_10221685676903513_7654277931328181875_n.jpg\">\n                <p class=\"u-align-center u-text u-text-2\">Er du en romantisk type? <br>\n                <\/p>\n              <\/div>\n            <\/div>\n            <div class=\"u-container-style u-list-item u-repeater-item u-shape-rectangle\">\n              <div class=\"u-container-layout u-similar-container u-container-layout-3\">\n                <img decoding=\"async\" alt=\"\" class=\"u-expanded-width u-image u-image-default u-image-3\" src=\"https:\/\/www.farveogstil.dk\/wp-content\/uploads\/2021\/03\/CitychicKjole.jpg\">\n                <p class=\"u-align-center u-text u-text-3\">Kjolen til en City Chic<\/p>\n              <\/div>\n            <\/div>\n            <div class=\"u-container-style u-list-item u-repeater-item u-shape-rectangle\">\n              <div class=\"u-container-layout u-similar-container u-container-layout-4\">\n                <img decoding=\"async\" alt=\"\" class=\"u-expanded-width u-image u-image-default u-image-4\" src=\"https:\/\/www.farveogstil.dk\/wp-content\/uploads\/2021\/03\/KlassiskKjole.jpg\">\n                <p class=\"u-align-center u-text u-text-4\">En smuk og enkel kvalitetskjole til den klassiske type.<\/p>\n              <\/div>\n            <\/div>\n            <div class=\"u-container-style u-list-item u-repeater-item u-shape-rectangle\">\n              <div class=\"u-container-layout u-similar-container u-container-layout-5\">\n                <img decoding=\"async\" alt=\"\" class=\"u-expanded-width u-image u-image-default u-image-5\" src=\"https:\/\/www.farveogstil.dk\/wp-content\/uploads\/2021\/03\/KreativKjole.jpg\">\n                <p class=\"u-align-center u-text u-text-5\">Den kreative har en i\u00f8jnefaldende kjole. <br>\n                <\/p>\n              <\/div>\n            <\/div>\n            <div class=\"u-container-style u-list-item u-repeater-item u-shape-rectangle\">\n              <div class=\"u-container-layout u-similar-container u-container-layout-6\">\n                <img decoding=\"async\" alt=\"\" class=\"u-expanded-width u-image u-image-default u-image-6\" src=\"https:\/\/www.farveogstil.dk\/wp-content\/uploads\/2021\/03\/NaturligKjole.jpg\">\n                <p class=\"u-align-center u-text u-text-6\">Den naturlige types kjole er praktisk og i naturfibre.<br>\n                <\/p>\n              <\/div>\n            <\/div>\n          <\/div>\n        <\/div>\n        <a href=\"https:\/\/www.farveogstil.dk\/index.php\/inspiration\/\" class=\"u-active-none u-align-right u-border-5 u-border-active-palette-4-base u-border-custom-color-3 u-border-hover-palette-4-base u-border-no-left u-border-no-right u-border-no-top u-btn u-button-style u-hover-none u-none u-text-active-palette-4-base u-text-hover-palette-4-base u-text-white u-btn-2\" data-animation-name=\"fadeIn\" data-animation-duration=\"1000\" data-animation-delay=\"0\" data-animation-direction=\"\">Se flere billeder<\/a>\n      <\/div>\n    <\/section>\n    \n    \n  \n","protected":false},"excerpt":{"rendered":"<p>Find din stil l\u00e6kkerhedsl\u00f8ft Med en farve- og stiltest undg\u00e5r du fejlk\u00f8b og dermed at belaste milj\u00f8et og din \u00f8konomi. Du kommer til at f\u00e5 en garderobe, hvor de enkelte dele passer sammen. Du vil opleve et l\u00e6kkerhedsl\u00f8ft og kommer til at se slankere, yngre og sundere ud. Stilpersonlighed Kender du din stilpersonlighed? Er du &hellip; <a href=\"https:\/\/www.farveogstil.dk\/index.php\/find-din-stil\/\" class=\"more-link\">Continue reading<span class=\"screen-reader-text\"> &#8220;Find din stil&#8221;<\/span><\/a><\/p>\n","protected":false},"author":1,"featured_media":0,"parent":0,"menu_order":1,"comment_status":"closed","ping_status":"closed","template":"","meta":{"footnotes":""},"class_list":["post-130","page","type-page","status-publish","hentry"],"_links":{"self":[{"href":"https:\/\/www.farveogstil.dk\/index.php\/wp-json\/wp\/v2\/pages\/130","targetHints":{"allow":["GET"]}}],"collection":[{"href":"https:\/\/www.farveogstil.dk\/index.php\/wp-json\/wp\/v2\/pages"}],"about":[{"href":"https:\/\/www.farveogstil.dk\/index.php\/wp-json\/wp\/v2\/types\/page"}],"author":[{"embeddable":true,"href":"https:\/\/www.farveogstil.dk\/index.php\/wp-json\/wp\/v2\/users\/1"}],"replies":[{"embeddable":true,"href":"https:\/\/www.farveogstil.dk\/index.php\/wp-json\/wp\/v2\/comments?post=130"}],"version-history":[{"count":12,"href":"https:\/\/www.farveogstil.dk\/index.php\/wp-json\/wp\/v2\/pages\/130\/revisions"}],"predecessor-version":[{"id":638,"href":"https:\/\/www.farveogstil.dk\/index.php\/wp-json\/wp\/v2\/pages\/130\/revisions\/638"}],"wp:attachment":[{"href":"https:\/\/www.farveogstil.dk\/index.php\/wp-json\/wp\/v2\/media?parent=130"}],"curies":[{"name":"wp","href":"https:\/\/api.w.org\/{rel}","templated":true}]}}